
310
In base 7, what is -4 + 320?
313
In base 5, what is -404 - 23?
-432
In base 5, what is 24 + 41?
120
In base 2, what is -1000010 - 11?
-1000101
In base 15, what is 7 + 131?
138
In base 15, what is 32 + 8?
3a
In base 10, what is -7 - -133?
126
In base 11, what is 70 - 3?
68
In base 9, what is 237 + -2?
235
In base 14, what is 63 + 3?
66
In base 16, what is -a3 - 4?
-a7
In base 3, what is -100011121 + 0?
-100011121
In base 8, what is 5 + 3740?
3745
In base 5, what is 22142 - -11?
22203
In base 5, what is -3312 - -1?
-3311
In base 15, what is 8 - -31?
39
In base 2, what is -1011100001 - 100?
-1011100101
In base 4, what is 1211 - -133?
2010
In base 2, what is 110101101010101 - 10?
110101101010011
In base 6, what is -2 + -2302?
-2304
In base 10, what is 38 + 5?
43
In base 16, what is -f + 5d3?
5c4
In base 8, what is -12 + -20?
-32
In base 14, what is -26a0 + -1?
-26a1
In base 6, what is -4 - 41?
-45
In base 4, what is 3 + -2213?
-2210
In base 11, what is -5 + -16?
-20
In base 9, what is -777 - 15?
-803
In base 11, what is 1 + -46?
-45
In base 6, what is 13 + -503?
-450
In base 7, what is -5 + -25?
-33
In base 16, what is -d - 82?
-8f
In base 11, what is 301 + 6?
307
In base 8, what is -15 + 13?
-2
In base 3, what is -10 + 12010?
12000
In base 11, what is -10 - 2?
-12
In base 15, what is -4 + -66?
-6a
In base 15, what is -37 - -20?
-17
In base 12, what is -65 + -10?
-75
In base 15, what is -4 + 14?
10
In base 14, what is -3a + 65?
29
In base 9, what is 1 - 763?
-762
In base 14, what is -6d - 4?
-73
In base 13, what is -8513 - -1?
-8512
In base 3, what is -221 - -220?
-1
In base 10, what is -26 + -5?
-31
In base 8, what is -3 - 205?
-210
In base 2, what is -1000010 + 11101?
-100101
In base 7, what is -11 - -2?
-6
In base 9, what is -82 + -4?
-86
In base 11, what is 4 + 5a17?
5a20
In base 2, what is 11001000001 + 11?
11001000100
In base 4, what is -2201 + 100?
-2101
In base 9, what is -1 - 337?
-338
In base 11, what is -15 - -7?
-9
In base 12, what is 870 - 1?
86b
In base 11, what is 3 - -4?
7
In base 16, what is -12 - 3?
-15
In base 15, what is -3 - b8?
-bb
In base 4, what is -21231 + 13?
-21212
In base 11, what is -7a - -2?
-78
In base 10, what is 255 - -28?
283
In base 3, what is 2 + -110011?
-110002
In base 14, what is -4 + -25?
-29
In base 12, what is -11 - -3b5?
3a4
In base 16, what is -6 + -23?
-29
In base 9, what is -2716 + 3?
-2713
In base 11, what is -9 - -210?
202
In base 5, what is -2 - -322?
320
In base 10, what is -1785 + 0?
-1785
In base 4, what is -1 - 32110?
-32111
In base 2, what is 100 + 110100110?
110101010
In base 11, what is 14 + -7?
8
In base 9, what is 3 + -21?
-17
In base 6, what is -13 + 2?
-11
In base 3, what is -22 - -20101?
20002
In base 3, what is 100202010 + -12?
100201221
In base 16, what is 0 - 5?
-5
In base 9, what is 2 + -8?
-6
In base 11, what is 1 - 460?
-45a
In base 13, what is 30 + -23?
a
In base 5, what is 44 + 100?
144
In base 8, what is -156 - 6?
-164
In base 7, what is 5 - 2505?
-2500
In base 4, what is 220 + -3210?
-2330
In base 2, what is 11110101 + 100?
11111001
In base 7, what is 456 - -1?
460
In base 9, what is -3 + 1218?
1215
In base 5, what is -1124311 + 10?
-1124301
In base 5, what is -1431 + -1?
-1432
In base 2, what is -1110110 + -1010?
-10000000
In base 2, what is -10 + -111?
-1001
In base 6, what is 34 + 13?
51
In base 14, what is -11 - -7d?
6c
In base 14, what is 123c + -3?
1239
In base 14, what is -2 + 1a2?
1a0
In base 13, what is 655 + 11?
666
In base 16, what is -5 - 10?
-15
In base 9, what is -1 + -3607?
-3608
In base 5, what is 1330241 - 2?
1330234
In base 10, what is 426 + 2?
428
In base 6, what is -22 - 114?
-140
In base 3, what is -1220 + 221?
-222
In base 16, what is -23 - -5?
-1e
In base 15, what is 5034 + 1?
5035
In base 9, what is 2 - -11?
13
In base 16, what is -4 + 15?
11
In base 14, what is -54 + -1?
-55
In base 4, what is -12 + -21203?
-21221
In base 6, what is 1305 + 5?
1314
In base 10, what is -44 + -418?
-462
In base 4, what is 203 + 2?
211
In base 7, what is 5 + -204?
-166
In base 4, what is -201 + -3?
-210
In base 15, what is -1d5 + 1d?
-1b7
In base 9, what is 4 - 137?
-133
In base 12, what is -103 - 36?
-139
In base 2, what is 11100010101100 + -10?
11100010101010
In base 13, what is -6 + -2?
-8
In base 9, what is 18 + 1?
20
In base 11, what is 21a - -3?
222
In base 13, what is -1 - -184?
183
In base 2, what is -101011101 + -101?
-101100010
In base 3, what is -10 - 10102001?
-10102011
In base 14, what is -3 - -377?
374
In base 10, what is -1 - -110?
109
In base 6, what is -355 - 21?
-420
In base 2, what is -100 - 1111100?
-10000000
In base 8, what is 5 - 2127?
-2122
In base 12, what is -3 + 769?
766
In base 3, what is -2110 - 2?
-2112
In base 10, what is 43 + 4?
47
In base 15, what is -1478 - 3?
-147b
In base 4, what is -203 + -1000?
-1203
In base 4, what is 1231 - 10?
1221
In base 10, what is 4 - -213?
217
In base 9, what is 8454 + -5?
8448
In base 16, what is 8 - -5?
d
In base 8, what is 1043 - 4?
1037
In base 4, what is 22111 - 102?
22003
In base 5, what is -3 - -1130?
1122
In base 11, what is -1 - -229?
228
In base 5, what is 443 - -41?
1034
In base 16, what is 1a - 18?
2
In base 16, what is 2 + 2?
4
In base 8, what is -10 + -221?
-231
In base 5, what is 2231 + 0?
2231
In base 7, what is 4 + -32416?
-32412
In base 10, what is -2 - -61?
59
In base 4, what is 0 + 1000112?
1000112
In base 11, what is -5 - 14a0?
-14a5
In base 11, what is 320 - -3?
323
In base 6, what is 3 + -1215?
-1212
In base 7, what is -12 - 5?
-20
In base 15, what is 24 + 55?
79
In base 3, what is -222201 + -1?
-222202
In base 8, what is -2 + 174?
172
In base 11, what is 24 + 44?
68
In base 6, what is 1 + -3424?
-3423
In base 8, what is 135 + -25?
110
In base 8, what is 2 + -44?
-42
In base 16, what is -175c + 1?
-175b
In base 5, what is -4 - -3432?
3423
In base 16, what is -3 + -14?
-17
In base 3, what is -201120201 + 2?
-201120122
In base 10, what is 0 - 491?
-491
In base 15, what is -2 - -1d?
1b
In base 15, what is -e54 + -2?
-e56
In base 16, what is -2 + 17?
15
In base 4, what is -11 - 1203130?
-1203201
In base 15, what is -5 - -85e?
859
In base 16, what is 56 + 1?
57
In base 10, what is -204 + -1?
-205
In base 12, what is 5b - 1?
5a
In base 3, what is -11021 + 122?
-10122
In base 6, what is 24 + -402?
-334
In base 5, what is 133 + -12?
121
In base 3, what is -112 - -110?
-2
In base 3, what is 1021 + -1?
1020
In base 6, what is 0 + -2041?
-2041
In base 11, what is 12 + 133?
145
In base 15, what is -11a + 4?
-116
In base 12, what is 6 + 4a?
54
In base 2, what is 11 + -1001011?
-1001000
In base 14, what is -95 - 19?
-b0
In base 12, what is 4a - 3?
47
In base 12, what is -4 + -12a0?
-12a4
In base 15, what is 5 + -e3?
-dd
In base 12, what is b0 - -78?
168
In base 7, what is 0 - -1105?
1105
In base 2, what is -10001110 - 10110?
-10100100
In base 13, what is 179b - 2?
1799
In base 13, what is 7 - 278?
-271
In base 14, what is -18b6 - -2?
-18b4
In base 13, what is 3 + 30?
33
In base 16, what is -2 + 584?
582
In base 6, what is -12520 - 3?
-12523
In base 16, what is 5 - -51d?
522
In base 8, what is 203 - -10?
213
In base 7, what is 5 - -31?
36
In base 13, what is 1a339 - 1?
1a338
In base 13, what is -10 - -4?
-9
In base 7, what is 2 + 430?
432
In base 3, what is 1 + 1001121?
1001122
In base 8, what is -201 + -52?
-253
In base 8, what is 3262 - -4?
3266
In base 11, what is 3 - 7?
-4
In base 7, what is -62 + 11?
-51
In base 12, what is 3 + -87?
-84
In base 13, what is 3682 + 5?
3687
In base 9, what is 1 + 42?
43
In base 4, what is 3 - -32131?
32200
In base 3, what is -1211 - -121112?
112201
In base 7, what is -114 - 143?
-260
In base 16, what is 3 + -4f?
-4c
In base 11, what is -1 + 191?
190
In base 6, what is 4 - 435?
-431
In base 7, what is 205 - -2?
210
In base 12, what is -b0a6 + 2?
-b0a4
In base 7, what is 2 - 5613?
-5611
In base 9, what is 173 - -74?
257
In base 4, what is 1 + -1023323?
-1023322
In base 5, what is 4 - -1122?
1131
In base 12, what is bb - 12a?
-2b
In base 10, what is 5 + -132?
-127
In base 4, what is 0 - -3112?
3112
In base 5, what is 2 + 10421?
10423
In base 10, what is 299 - 4?
295
In base 4, what is -10 - 32?
-102
In base 8, what is 4 + -1735?
-1731
In base 11, what is -7 - -31